{"id":54,"date":"2022-10-19T15:12:19","date_gmt":"2022-10-19T15:12:19","guid":{"rendered":"http:\/\/koenigsspringer.de\/?page_id=54"},"modified":"2025-10-24T17:35:43","modified_gmt":"2025-10-24T17:35:43","slug":"54-2","status":"publish","type":"page","link":"http:\/\/koenigsspringer.de\/","title":{"rendered":""},"content":{"rendered":"\n<div class=\"wp-block-group is-layout-flow wp-block-group-is-layout-flow\">\n<div class=\"wp-block-media-text alignwide has-media-on-the-right is-stacked-on-mobile\" style=\"grid-template-columns:auto 25%\"><div class=\"wp-block-media-text__content\">\n<h4 class=\"wp-block-heading\">Willkommen auf der Homepage der Schachabteilung K\u00f6nigsspringer im SC Buer-Hassel 1919 e.V.<\/h4>\n\n\n\n<p><\/p>\n\n\n\n<p><strong>Spiellokal f\u00fcr den Vereinsabend, Mannschaftsk\u00e4mpfe und Turniere:<\/strong><\/p>\n\n\n\n<p>Evangelisches Gemeindehaus<br>Robert-Koch-Str. 3a <br>45879 Gelsenkirchen<\/p>\n\n\n\n<p>Zugang \u00fcber Ahstr. (verkehrsberuhigt)<br>Karte bei Google Maps: <a href=\"https:\/\/www.google.com\/maps\/place\/51\u00b030'34.9&quot;N+7\u00b005'37.5&quot;E\/@51.5096982,7.0911778,17z\/data=!3m1!4b1!4m4!3m3!8m2!3d51.5096982!4d7.0937527?entry=ttu\">Link<\/a><\/p>\n\n\n\n<p><strong>Jugendtraining: Freitags ab 18:00 Uhr<\/strong><\/p>\n\n\n\n<p><strong>Spielabend: Freitags ab 19:00 Uhr<\/strong><\/p>\n\n\n\n<p><\/p>\n\n\n\n<p>Neugierig? Einfach vorbeikommen, oder vorher kurz mailen: <a href=\"mailto:koenigsspringer@koenigsspringer.de\">koenigsspringer@koenigsspringer.de<\/a><\/p>\n<\/div><figure class=\"wp-block-media-text__media\"><img fetchpriority=\"high\" decoding=\"async\" width=\"561\" height=\"612\" src=\"http:\/\/koenigsspringer.de\/wp-content\/uploads\/2022\/10\/Logo_KS.jpg\" alt=\"\" class=\"wp-image-178 size-full\" srcset=\"http:\/\/koenigsspringer.de\/wp-content\/uploads\/2022\/10\/Logo_KS.jpg 561w, http:\/\/koenigsspringer.de\/wp-content\/uploads\/2022\/10\/Logo_KS-275x300.jpg 275w\" sizes=\"(max-width: 561px) 100vw, 561px\" \/><\/figure><\/div>\n<\/div>\n\n\n\n<p><\/p>\n","protected":false},"excerpt":{"rendered":"<p>Willkommen auf der Homepage der Schachabteilung K\u00f6nigsspringer im SC Buer-Hassel 1919 e.V. Spiellokal f\u00fcr den Vereinsabend, Mannschaftsk\u00e4mpfe und Turniere: Evangelisches<\/p>\n","protected":false},"author":1,"featured_media":0,"parent":0,"menu_order":0,"comment_status":"closed","ping_status":"closed","template":"","meta":{"colormag_page_container_layout":"no_sidebar_full_width","colormag_page_sidebar_layout":"left_sidebar","footnotes":""},"class_list":["post-54","page","type-page","status-publish","hentry"],"_links":{"self":[{"href":"http:\/\/koenigsspringer.de\/index.php?rest_route=\/wp\/v2\/pages\/54","targetHints":{"allow":["GET"]}}],"collection":[{"href":"http:\/\/koenigsspringer.de\/index.php?rest_route=\/wp\/v2\/pages"}],"about":[{"href":"http:\/\/koenigsspringer.de\/index.php?rest_route=\/wp\/v2\/types\/page"}],"author":[{"embeddable":true,"href":"http:\/\/koenigsspringer.de\/index.php?rest_route=\/wp\/v2\/users\/1"}],"replies":[{"embeddable":true,"href":"http:\/\/koenigsspringer.de\/index.php?rest_route=%2Fwp%2Fv2%2Fcomments&post=54"}],"version-history":[{"count":20,"href":"http:\/\/koenigsspringer.de\/index.php?rest_route=\/wp\/v2\/pages\/54\/revisions"}],"predecessor-version":[{"id":527,"href":"http:\/\/koenigsspringer.de\/index.php?rest_route=\/wp\/v2\/pages\/54\/revisions\/527"}],"wp:attachment":[{"href":"http:\/\/koenigsspringer.de\/index.php?rest_route=%2Fwp%2Fv2%2Fmedia&parent=54"}],"curies":[{"name":"wp","href":"https:\/\/api.w.org\/{rel}","templated":true}]}}